 is the units digit of 107464?
4
What is the tens digit of 3327761?
6
What is the tens digit of 182631?
3
What is the thousands digit of 2881251?
1
What is the units digit of 99447?
7
What is the ten thousands digit of 12515964?
1
What is the hundreds digit of 179240?
2
What is the hundred thousands digit of 8759134?
7
What is the millions digit of 1273582?
1
What is the ten thousands digit of 51115?
5
What is the hundreds digit of 650390?
3
What is the thousands digit of 469888?
9
What is the ten thousands digit of 2612661?
1
What is the hundred thousands digit of 12557025?
5
What is the hundreds digit of 832438?
4
What is the ten thousands digit of 115202?
1
What is the tens digit of 2026396?
9
What is the units digit of 637579?
9
What is the ten millions digit of 16783885?
1
What is the ten millions digit of 20890301?
2
What is the hundred thousands digit of 970566?
9
What is the tens digit of 391309?
0
What is the hundred thousands digit of 296647?
2
What is the tens digit of 2845144?
4
What is the units digit of 4656902?
2
What is the ten thousands digit of 193008?
9
What is the hundred thousands digit of 5305987?
3
What is the thousands digit of 445849?
5
What is the hundreds digit of 15144692?
6
What is the tens digit of 277245?
4
What is the hundred thousands digit of 4202573?
2
What is the thousands digit of 66939?
6
What is the units digit of 251356?
6
What is the units digit of 808613?
3
What is the hundreds digit of 527700?
7
What is the ten thousands digit of 6599643?
9
What is the ten thousands digit of 193228?
9
What is the hundred thousands digit of 1649371?
6
What is the tens digit of 3121352?
5
What is the millions digit of 1563672?
1
What is the tens digit of 1806400?
0
What is the hundred thousands digit of 11165226?
1
What is the thousands digit of 101837?
1
What is the ten thousands digit of 1470698?
7
What is the tens digit of 677338?
3
What is the hundred thousands digit of 4942360?
9
What is the hundreds digit of 1158473?
4
What is the hundreds digit of 2596865?
8
What is the ten thousands digit of 28290922?
9
What is the units digit of 131589?
9
What is the ten thousands digit of 486279?
8
What is the hundred thousands digit of 3412334?
4
What is the units digit of 853899?
9
What is the ten thousands digit of 444306?
4
What is the thousands digit of 13986607?
6
What is the hundred thousands digit of 665908?
6
What is the thousands digit of 397354?
7
What is the hundred thousands digit of 354455?
3
What is the hundred thousands digit of 1679053?
6
What is the units digit of 27798?
8
What is the ten thousands digit of 979585?
7
What is the units digit of 7856159?
9
What is the tens digit of 2259755?
5
What is the hundreds digit of 1019398?
3
What is the thousands digit of 13401163?
1
What is the ten thousands digit of 25250557?
5
What is the millions digit of 12390583?
2
What is the units digit of 1304026?
6
What is the millions digit of 10383460?
0
What is the ten thousands digit of 265552?
6
What is the hundreds digit of 1550403?
4
What is the units digit of 1396294?
4
What is the thousands digit of 81265?
1
What is the tens digit of 1945430?
3
What is the ten thousands digit of 19546994?
4
What is the thousands digit of 1806888?
6
What is the thousands digit of 12073436?
3
What is the millions digit of 1819050?
1
What is the thousands digit of 3725231?
5
What is the ten thousands digit of 1768631?
6
What is the thousands digit of 515350?
5
What is the units digit of 2166162?
2
What is the tens digit of 971325?
2
What is the thousands digit of 60935?
0
What is the hundreds digit of 26263458?
4
What is the hundred thousands digit of 243190?
2
What is the millions digit of 4815714?
4
What is the thousands digit of 559075?
9
What is the tens digit of 1701065?
6
What is the units digit of 25514?
4
What is the hundreds digit of 15486155?
1
What is the tens digit of 2701420?
2
What is the hundred thousands digit of 1198226?
1
What is the tens digit of 1863759?
5
What is the ten thousands digit of 24121764?
2
What is the thousands digit of 429327?
9
What is the thousands digit of 118131?
8
What is the tens digit of 792367?
6
What is the ten thousands digit of 2468409?
6
What is the thousands digit of 14641853?
1
What is the thousands digit of 724753?
4
What is the units digit of 153592?
2
What is the hundreds digit of 101225?
2
What is the hundreds digit of 485916?
9
What is the thousands digit of 181458?
1
What is the ten thousands digit of 95088?
9
What is the tens digit of 2199979?
7
What is the tens digit of 75217?
1
What is the ten thousands digit of 1777015?
7
What is the millions digit of 1615526?
1
What is the hundreds digit of 20824511?
5
What is the ten thousands digit of 631250?
3
What is the hundred thousands digit of 524531?
5
What is the millions digit of 1846684?
1
What is the hundreds digit of 236359?
3
What is the thousands digit of 790319?
0
What is the hundred thousands digit of 37638515?
6
What is the thousands digit of 141389?
1
What is the thousands digit of 160977?
0
What is the ten thousands digit of 1800144?
0
What is the ten thousands digit of 2478322?
7
What is the tens digit of 14358492?
9
What is the units digit of 32608?
8
What is the ten thousands digit of 40945326?
4
What is the hundreds digit of 20344230?
2
What is the hundred thousands digit of 2922902?
9
What is the ten thousands digit of 1030881?
3
What is the hundreds digit of 45818?
8
What is the tens digit of 2310760?
6
What is the ten thousands digit of 145048?
4
What is the thousands digit of 2843258?
3
What is the hundred thousands digit of 825013?
8
What is the thousands digit of 185630?
5
What is the hundreds digit of 294769?
7
What is the millions digit of 2253388?
2
What is the hundred thousands digit of 168028?
1
What is the ten thousands digit of 11927810?
2
What is the thousands digit of 7291?
7
What is the ten thousands digit of 313516?
1
What is the ten thousands digit of 1297871?
9
What is the ten thousands digit of 1000802?
0
What is the hundred thousands digit of 4786216?
7
What is the tens digit of 99698?
9
What is the units digit of 261527?
7
What is the thousands digit of 983197?
3
What is the units digit of 29507665?
5
What is the thousands digit of 9767571?
7
What is the units digit of 177655?
5
What is the ten thousands digit of 5155259?
5
What is the tens digit of 6455117?
1
What is the hundreds digit of 160163?
1
What is the hundred thousands digit of 225695?
2
What is the ten thousands digit of 1048348?
4
What is the ten thousands digit of 2357460?
5
What is the ten thousands digit of 17068653?
6
What is the hundred thousands digit of 407907?
4
What is the ten thousands digit of 2689620?
8
What is the hundred thousands digit of 2213258?
2
What is the units digit of 214961?
1
What is the thousands digit of 2410552?
0
What is the tens digit of 581313?
1
What is the millions digit of 1037921?
1
What is the hundreds digit of 265812?
8
What is the tens digit of 30011?
1
What is the hundred thousands digit of 978702?
9
What is the hundreds digit of 8898876?
8
What is the hundred thousands digit of 22342290?
3
What is the tens digit of 17484639?
3
What is the hundred thousands digit of 654421?
6
What is the hundred thousands digit of 251850?
2
What is the hundreds digit of 251147?
1
What is the thousands digit of 709102?
9
What is the thousands digit of 16984220?
4
What is the tens digit of 173581?
8
What is the hundreds digit of 42929?
9
What is the tens digit of 218035?
3
What is the tens digit of 518655?
5
What is the units digit of 5027046?
6
What is the hundreds digit of 25105970?
9
What is the thousands digit of 19595546?
5
What is the units digit of 2996548?
8
What is the tens digit of 575078?
7
What is the ten thousands digit of 83462?
8
What is the hundred thousands digit of 237601?
2
What is the tens digit of 3444?
4
What is the thousands digit of 18804556?
4
What is the hundred thousands digit of 438924?
4
What is the ten millions digit of 20176267?
2
What is the thousands digit of 38406?
8
What is the tens digit of 1164838?
3
What is the ten millions digit of 20594866?
2
What is the hundred thousands digit of 27221015?
2
What is the hundreds digit of 19444723?
7
What is the ten thousands digit of 302482